
Let a be (160/12)/(-5)*(-121530)/8. Suppose 0*w + a = 10*w. Is w composite?
False
Suppose -6 + 1 = -5*t. Let x(m) = m + 5. Let o be x(t). Suppose o*q - 9*q + 1401 = 0. Is q composite?
False
Suppose 5*w - 3 = -73. Let v be ((-4)/w - 121/154)*-10. Suppose -v*n - 6*c + 8190 = -c, n + 4*c = 1635. Is n a composite number?
True
Let r = -123 + 126. Suppose r*m = -3*h + 6135, -2489 = -3*h + 5*m + 3646. Is h a prime number?
False
Let w(y) = 4*y**3 - 12*y**2 + 91*y - 263. Is w(35) composite?
True
Let j(w) = 10966*w + 681. Is j(37) prime?
True
Suppose -4*k + d + 2945457 + 3115178 = 0, -k = -2*d - 1515171. Is k composite?
True
Is (1758/(-4)*1)/((-807)/16678) composite?
True
Let p = -15 - -15. Suppose p = -11*u - 30*u + 364285. Is u a composite number?
True
Let z(x) = -x**3 + 10*x**2 - 15*x + 19. Let g be z(11). Let q = g + 518. Is q prime?
True
Is (3/4)/((-324)/(-8418384)) a composite number?
True
Let j = 15255 - -41306. Is j prime?
False
Suppose -561*c - 108999440 = -442801733. Is c composite?
True
Suppose 0 = -4*o + 7*o - v - 14, -2*o + 3*v = -21. Suppose -o*k + 12 = 0, 19*k - 20*k + 2689 = 3*p. Is p a composite number?
True
Let z(c) = 3057*c**2 - 36*c + 125. Is z(4) prime?
False
Let d(c) = -3*c + 45. Let t be d(15). Suppose 3*g + 5*g - 5192 = t. Suppose -14 = -o + 5*h + 95, h - g = -5*o. Is o a prime number?
False
Suppose -3*i + 0*m = -2*m - 4, 5*i - 5*m = 5. Let o = 649 + -725. Is (-1)/(-8)*i - 63137/o a prime number?
False
Suppose 4*a - 90 = 10*a. Let r = 7 + a. Is (-2)/r - ((-3059)/4 - -4) a prime number?
True
Suppose -9*x - 436 = -5*x. Let p = -102 - x. Suppose 4*k + 2895 = p*k. Is k composite?
True
Suppose -2*l - j + 97357 = -76544, -4*l + 4*j + 347760 = 0. Is l a prime number?
False
Let p = -73435 + 131334. Is p prime?
True
Let s(k) = -25*k**2 - 9*k - 3. Let y(m) = -m**2 + m - 1. Let w(a) = -s(a) - 2*y(a). Is w(-9) composite?
False
Let a = -1882 + 387. Let h = -2838 - a. Let o = 2656 + h. Is o composite?
True
Let n(z) = 13799*z - 101. Let x(j) = 13797*j - 103. Let l(v) = 6*n(v) - 5*x(v). Is l(2) composite?
False
Suppose 4*a + 847835 = p, 2533*a - 2538*a + 45 = 0. Is p prime?
True
Suppose -4*s = -s - 45. Let z(o) = 15*o + 15 + 9 - 3 + 7. Is z(s) a prime number?
False
Let j(t) = t. Let b be j(0). Suppose b = 5*f - 5215 - 3900. Is f a prime number?
True
Suppose 2*k - 7*k - 602 = y, y + 3*k = -608. Let d = 1838 - y. Is d a prime number?
False
Let r(h) = 6369*h**2 + 2*h + 162. Is r(11) prime?
False
Suppose 8 = 5*l - 9*w + 10*w, -4*w = 4*l. Suppose -l*m + 17*q = 13*q - 170, -4*m = 3*q - 307. Is m a composite number?
False
Let f be 2/(1/(-19)*-1). Suppose 0 = -f*j + 43*j - 2705. Is j a composite number?
False
Suppose -566650 = -5*r - 5*x, -r - 5*x + 84783 = -28559. Is r composite?
False
Let o be 9/3*(-4)/4. Let v be ((-696)/(-15))/((-3)/(-60)). Is v + o - (3 + -7) composite?
False
Is ((-7)/(-3))/(-3*((-5)/770265)/1) composite?
True
Let y be 6/10 - (4 - (-110)/(-25)). Suppose -3*t + 0*w + w = -9, -4*t + y = -5*w. Suppose t*r = 5*b - 10*b + 6989, -5*b = -r - 6984. Is b a prime number?
False
Is 10 - (942926375/(-275) - 12/(-66)) prime?
True
Is 5484700/195 - (-44)/(-12) a composite number?
False
Let w be (-1 - -4363306) + (-6)/(-2). Is w/684 + 4/(-38) prime?
True
Suppose -231106 = -10*q + 133224. Is q a composite number?
False
Let b(z) = 21*z - 30*z + 6*z + z**2 + 13463. Is b(0) prime?
True
Suppose -9*j = -8*j + 12109. Let l = -8245 - j. Suppose -l = -4*r - 5*t, 4*r = 2*r - 5*t + 1922. Is r composite?
False
Let g(s) = -337*s**3 + 107*s**2 + 7*s - 36. Is g(-7) prime?
True
Suppose -c + 5*l = -118504, 3*c + 237043 = 5*c - 3*l. Is c prime?
True
Let f(h) = 3 + 328*h + 8062*h**3 - 649*h + 319*h. Is f(1) a prime number?
False
Let t(m) = -7*m**2 - 1. Let x be t(1). Is 1288 + -2*(20/x - -1) a composite number?
False
Let n = -31 - -61. Let g(x) = -3*x**3 + 6*x**2 + 9*x - 16. Let a be g(2). Suppose -n - 12 = -a*k. Is k composite?
True
Let t(b) = b**3 + 2*b**2 - 11*b + 22. Let i be t(-5). Suppose -4*y - 185 = -o - i*o, 4*y = o - 51. Is o prime?
True
Suppose 5*n + 0 = -30, 0 = -m - 4*n + 155398. Is m prime?
False
Let l = -467439 + 1047298. Is l prime?
False
Suppose -5*q = 4*v - 7*v - 20, -2*v - 5*q = -20. Suppose 0 = -v*n + 8*n - 40. Suppose n*c = -4*c + 5877. Is c composite?
False
Let k = -88 + 127. Suppose -499 + 1959 = 5*a. Let t = a + k. Is t prime?
True
Let h(d) = 6*d**2 + 4*d**3 - 38 + 30 - 3*d**3 - d. Let w be h(-5). Suppose -27*i = -w*i - 3395. Is i a prime number?
False
Let y(t) = 4*t**2 + 23*t + 19. Let s(f) = 9*f**2 + 47*f + 38. Let q(z) = -3*s(z) + 7*y(z). Let w be q(-19). Suppose w = -12*m + 734 + 3814. Is m composite?
False
Let w(i) = -i**3 + 24*i**2 + 31. Let n(l) = -l**3 + 6*l**2 + 2*l - 10. Let m be n(5). Let y = m + -1. Is w(y) composite?
False
Let l = 45 - 81. Let n = l - -32. Is n/(-6)*462/4 prime?
False
Is ((-6)/18)/((-7)/(-2)) - (-161170420)/420 a composite number?
True
Suppose -u = -2*y + 5 + 3, 0 = -2*y - u. Suppose 9186 = y*i - 1576. Is i prime?
True
Let v = -26470 - -37889. Suppose -17*q + 1110 + v = 0. Is q a composite number?
True
Suppose -90*g = -6046064 - 10307926. Is g composite?
False
Let a = 218199 + -120746. Is a a prime number?
True
Suppose 14*n - 5975 = 13*n. Let r = n + -2158. Is r a composite number?
True
Is 63/7 - 2 - -242140 a prime number?
True
Suppose 5*i - 18 = 2*c + 13, -5*c - 40 = -5*i. Let y(q) = 933*q**2 + 3*q + 29. Is y(i) a composite number?
False
Suppose -162*s - 4784620 = 153*s - 335*s. Is s prime?
True
Let d = 70 + -86. Let k(p) = p**3 + 22*p**2 - 26*p - 51. Is k(d) composite?
False
Let l be ((-4)/(-12)*-3)/((-5)/299035). Suppose -b + l = 10*b. Is b prime?
True
Let i(s) = -17150*s + 3581. Is i(-40) composite?
False
Let o = 24 - 12. Let w = 3015 + -3010. Suppose o = w*t + 27, 3*t + 1793 = 4*c. Is c prime?
False
Let v(b) = 49*b**2 + 53*b + 47. Is v(-18) composite?
False
Let t(m) = -29*m**3 + 2*m**2 - 2. Let s be t(-1). Let i be (-2 - s) + (0 + -4 - -3). Is (-16)/i*(-2)/(-1) + 184 a prime number?
False
Suppose -2*u + 7*u - 5 = 0. Suppose -10 = 7*j + 3*j. Is 1257 - j/(u/(-2)) prime?
False
Suppose -4*v + 31040 = 4*m, 2*m + 35*v - 15505 = 30*v. Is m prime?
False
Let g(r) = 344*r + 243. Is g(76) a prime number?
True
Let f(t) = -t**3 + 9*t + 6. Let b be f(-3). Suppose -101931 = -b*s - 19137. Is s a prime number?
True
Let i = 729969 + -482450. Is i prime?
True
Suppose -3*d - 3*d + 24 = 0. Suppose 3*h = d*h - 10. Suppose -5*v + 8205 = 4*l, l + l - h = 0. Is v prime?
True
Is ((-8)/68)/(-1) - 901974/(-102) a composite number?
True
Suppose 0*r - 9*r = -7200. Let c be r/(-12)*(-8 + -4). Suppose j + 2*b = -b + 406, 2*b = -2*j + c. Is j prime?
True
Let j be (-4 + 7)*-4 + 3. Let b(h) = 0 - 4 + 3 - 6 - 234*h. Is b(j) a prime number?
True
Suppose q - 144 = 9*q. Let m(x) = -x**2 - 16*x + 43. Let c be m(q). Suppose -4*p = -l - 5439, c*p - 4108 = 4*p - 5*l. Is p composite?
False
Let d(j) = 140*j**2 - 195*j - 2881. Is d(-14) a prime number?
False
Let x(b) = 12*b - 20. Let g be x(2). Is (-4772)/(-32) + g/(-32) a composite number?
False
Let t be 2 + 0 - 66/3. Let k be (41 - -9)*6/15. Is 4/t - (-10646)/k*4 a composite number?
False
Let r = -31 - -41. Suppose -r = 2*d - 22. Suppose k = d*k - 20, -2*k = -3*m + 4237. Is m composite?
True
Suppose -54 + 14 = -8*q. Suppose -2*a = -7*z + 8*z - 25914, -q*a + 4*z = -64811. Is a prime?
True
Is (-4)/(-5) + ((-159411)/(-5) - (14 - 14)) composite?
False
Let g(y) = 244*y**2 - 473*y + 11. Is g(10) composite?
False
Let v = 61346 + -14139. Is v prime?
True
Suppose 2759 = b + 3*h, 0 = -h - 23 + 26. Let o = b + -1912. Is o a prime number?
False
Let n = 471949 + -161592. Is n composite?
False
Let w be 68/153 + (-131)/(-9). Suppose -13*y - 29806 = -w*y. Is y a composite number?
True
Let b = 22787 - -4362. Is b a prime number?
False
Let i be (381956/408)/((-2)/(-12)). Let d = 10008 - i. Is d a composite number?
False
Let b(p) = p**3 + 20*p**2 + 37*p + 32. Let x be b(-18). Let y be 1/(53/52 - 1). Is y/182 + 2082/x prime?
True
Suppose 5*n + d = 340738, -3*d = d - 12. Is n a prime number?
True
Let f be (9 - 7)/((-1)/(-2)). Suppose -3*o + 1 - 16 = -2*z, 0 = f*z + 2*o - 6. Suppose s = 5*l - 4708, -3*l - z*s = -4*s - 2826. Is l a composite number?
False
Let i(w) = 55990*w**2 - 26*w - 9. Is i(-2) prime?
False
Is (891